 of h?
101
Suppose -3*v = 5*y - 159 - 71, -4*v = -3*y - 268. Suppose -4*a - 38 = -2*m, -4*m + 2*a = -0*a - v. List the prime factors of m.
17
Suppose -2*v + 55 = 3*v. What are the prime factors of v?
11
Suppose -4*y = -y - 219. Let i = 118 - y. List the prime factors of i.
3, 5
Let z(c) = 2 + 7 + 10*c - 9*c. Let t(a) = a + 12. Let n be t(-5). What are the prime factors of z(n)?
2
Let t be 2/9*-3*-9. Let c be (-1)/(-1 - t/(-4)). Let l(g) = g**3 + 3*g**2 + 2*g + 2. What are the prime factors of l(c)?
2
Let f = -67 - -6. Let g = f - -113. What are the prime factors of g?
2, 13
Let a(d) = d + 3 + 0*d + 8. Let o be a(-8). Suppose 4*r = -3*t + 16, t = -o*t + 2*r + 58. What are the prime factors of t?
2, 3
Let z = -9 + 56. List the prime factors of z.
47
Suppose 7*z - 14*z = -623. List the prime factors of z.
89
Suppose 2*y - h + 5*h = 168, 5*y - 472 = 3*h. What are the prime factors of y?
2, 23
Let y(r) = r**3 + 3*r**2 - 2*r - 2. Let u be y(-3). Let x = u - 1. Suppose 5*k = -3*t + 4, -2*k - 14 = -3*t + x*k. List the prime factors of t.
3
Suppose -2*f + 10 + 242 = 0. List the prime factors of f.
2, 3, 7
Let w = 8 - 11. Suppose -3*l + 27 = -4*y + y, 3*l + 2*y = 2. Let c = l - w. What are the prime factors of c?
7
Suppose -4*w + 133 = -5*d, -2*w - 2*d = d - 39. What are the prime factors of w?
3
Suppose -2*q = -58 + 8. Suppose 0 = -3*t - 2*u + 15 + q, -4*t - u + 45 = 0. List the prime factors of t.
2, 5
Let p(t) = 5*t**2 + 3*t. Let n = -13 + 11. List the prime factors of p(n).
2, 7
Let g = 4 - -50. List the prime factors of g.
2, 3
Let o(h) = 10*h - 11. List the prime factors of o(5).
3, 13
Suppose -2*v + 76 = 2*v. Suppose 0*n - 3*n - 30 = 0. Let k = v + n. What are the prime factors of k?
3
Let v be (21/(-28))/(2/32). Let z = -7 - v. What are the prime factors of z?
5
What are the prime factors of (-8)/12 - (-1942)/6 - -3?
2, 163
Let g = -8 + 13. Suppose 3*m + f - 75 = 0, g*m - 3*f = 33 + 92. Suppose h - r = 7, -3*r - 2*r + m = 0. List the prime factors of h.
2, 3
Let l be 2 - 0/(-3 + 0). Let c = 1 + l. Suppose 5*u + 7*f - 3*f = 21, c*f = -3. List the prime factors of u.
5
Suppose x + 8 = -2*i, 3*i - 12 = 5*x - i. Let b = x - -20. What are the prime factors of b?
2
Let k(r) = -r + 16. Let f be k(10). Let n(g) = 2*g**2 - 5*g - 7. What are the prime factors of n(f)?
5, 7
What are the prime factors of (-8 - 2/2)/(3/(-38))?
2, 3, 19
Let a(g) = -g + 1. Let x be a(-3). Suppose 0 = -3*k + 5*j - 1, -k + 4*j + x = 2*k. List the prime factors of k.
2
Suppose 0*k = 2*k + 4*z - 2, 3*z + 21 = 3*k. Suppose -2*a + a = -k. Suppose -65 = -a*c - 5. List the prime factors of c.
2, 3
Suppose 35*m = 31*m + 1140. List the prime factors of m.
3, 5, 19
Suppose -5*j - 2*w = -146, -7 - 99 = -4*j + 2*w. List the prime factors of j.
2, 7
Suppose 4*z - 3*z - 242 = -r, -4*r - 478 = -2*z. What are the prime factors of z?
241
Let d = 1 + 19. Suppose 3*f - 3*a = 22 + d, 4*f - 5*a = 57. List the prime factors of f.
13
Suppose 2*j - 30 = 4*j. Let x = 10 - j. List the prime factors of x.
5
Let d = -377 + 699. What are the prime factors of d?
2, 7, 23
Suppose 2*n + 52 = 4*x, 0 = 2*x - n + 6*n - 14. Suppose x = 2*z - 2. What are the prime factors of z?
7
Let m = -19 + 53. List the prime factors of m.
2, 17
Let c be (-1)/3 + 909/(-27). Let j = 57 + c. List the prime factors of j.
23
Let o be (-4 + 4)/(0 - 2). What are the prime factors of -3*((o - 4) + -3)?
3, 7
Suppose -13 + 1 = -3*i. Suppose 0*j = i*j - 56. List the prime factors of j.
2, 7
Let b(i) = -2*i + 5 + 3*i - 7. Let p be b(1). Let z = 16 + p. List the prime factors of z.
3, 5
Suppose -3*a + 8*a + 3*f - 758 = 0, -f + 303 = 2*a. What are the prime factors of a?
151
Let z(k) = 0*k + k**2 + 2*k + 1 - 3*k. What are the prime factors of z(-3)?
13
Let d(b) = -b**2 - b + 4. Let t(r) be the third derivative of -r**5/30 - r**4/8 + 3*r**3/2 - r**2. Let s(u) = -13*d(u) + 6*t(u). List the prime factors of s(6).
2
Suppose 0 = -18*t + 21*t - 246. What are the prime factors of t?
2, 41
Let l = -6 + 9. Suppose -2*q = l*z - 17, -3*q - 2*z + 18 = -0*q. Suppose -q*f + 3*t = -0*f + 3, -3*f - t = -14. What are the prime factors of f?
3
Suppose -2*d + 16 = 4. Suppose -u - d = 2*u. Let c(l) = 4*l**2 + 4*l + 3. What are the prime factors of c(u)?
11
Let c(i) = 0*i + 2 + 42*i**3 - 14*i**3 - i. Let z be c(2). What are the prime factors of 2/(-11) - z/(-22)?
2, 5
Suppose 0*m = 3*m - 18. Let t(y) = 3 + y**2 - 2*y - 4*y + 0*y. List the prime factors of t(m).
3
What are the prime factors of (-2 + 0)*(-7)/2?
7
Let p(r) = r**2 - 7*r + 6. Let w be p(7). Suppose x + w = 4*x. List the prime factors of x.
2
Let t(c) = 13*c + 2. Suppose 3*m - 3*d - 18 = 0, -4*m + 7*m - 2*d - 13 = 0. What are the prime factors of t(m)?
3, 5
Suppose 2*y - 507 = -y. Suppose 5*g = y + 61. List the prime factors of g.
2, 23
Suppose 0 = -5*z + 38 + 32. Suppose 2*d - z - 2 = 0. What are the prime factors of d?
2
Let z(q) be the second derivative of 1/12*q**4 - 7/6*q**3 + q**2 + 0 + q. List the prime factors of z(7).
2
Suppose -2*y + 2*p - 38 = 3*y, 0 = 3*p - 12. Let g(d) = -d**3 + 4*d**2 + 8*d - 4. Let w be g(5). Let u = w + y. List the prime factors of u.
5
Let n be 176/28 - 2/7. Let t(i) = 3*i - 8. Let v be t(n). Suppose -5*d + v = -10. List the prime factors of d.
2
Let v be ((-2)/(-2))/((-3)/(-129)). Suppose v = 4*f - 65. What are the prime factors of f?
3
Let b(s) = -2*s + 2. Let g be b(-7). Suppose -2*j = -j - g. What are the prime factors of j?
2
Let w(z) = z**3 - 6*z**2 + 5*z + 4. Let o be w(4). Suppose -12 = -3*d + 3*p, -4*d - 5*p = -17 - 35. Let r = d - o. What are the prime factors of r?
2
Let u be 3/6 - 3/6. Suppose 5*y - 24 + 9 = u. List the prime factors of y.
3
Let x(l) = -l**3 + 17*l**2 - 15*l - 6. List the prime factors of x(16).
2, 5
Let h = 4 - -10. List the prime factors of h.
2, 7
Let m(p) = -4*p**3 - p**2 + 1. Let f be m(1). Let v(n) be the first derivative of -2*n**2 - 6*n - 9. What are the prime factors of v(f)?
2, 5
Let k be (-6)/(-21) + (-38)/(-14). Suppose -o + 3*v = o - 22, -k*v = 6. List the prime factors of o.
2
Let l(z) = -z**2 + 7*z - 2. Let h be l(6). Let c = 4 - h. Suppose c*n + 2*n = -5*k + 52, n = -4. List the prime factors of k.
2, 3
Let l(m) = m - 3. Let k be l(7). Suppose 3*i + c + 1 = 5, 5*i - k*c = 18. List the prime factors of i.
2
Let f(r) be the first derivative of -r**4/4 - r**3 + 3*r**2/2 + 2*r - 1. List the prime factors of f(-4).
2, 3
Let g = 2 + 0. Suppose -6*h + 36 = -g*h. List the prime factors of h.
3
Suppose -8*p - 11 = -227. List the prime factors of p.
3
Suppose 0 = -3*p - 21 + 6. What are the prime factors of (p/10)/(1/(-34))?
17
Let o(k) = k + 4. Let x be (-5)/(-3) + (-1)/(-3). Let u be (-140)/63 + x/9. What are the prime factors of o(u)?
2
Let o(w) = -w**2 - 7*w + 1. Let k be o(-4). Suppose k = 3*b - 5*a, -4*a + 22 = 2*b + b. Suppose 0 = 3*u - b. List the prime factors of u.
2
Let c(q) = -10*q + 6. Let l be c(-6). Let v = -38 + l. List the prime factors of v.
2, 7
Suppose 2*i + 34 = 178. What are the prime factors of i?
2, 3
Let w(f) = -f**2 + 9*f - 3. Let r be (-6)/4*(-8)/6. Suppose 4*z + 4*k = 6*z - 18, 0 = r*k + 2. List the prime factors of w(z).
11
Let m = -18 + 12. Let y be 2/m*0 + 2. List the prime factors of (2/1)/y - -10.
11
Let x = 66 + -22. What are the prime factors of x?
2, 11
Let b(t) = 2*t**2 + 3*t - 20. List the prime factors of b(7).
3, 11
Suppose -2*g + 6 = -0. Let i(n) = -1 - 26*n**2 + 27*n**2 + 3*n + 4 - 4. List the prime factors of i(g).
17
Let a(j) = j + 102. List the prime factors of a(0).
2, 3, 17
Suppose 9 = -j + 2. Let k be 1 + j + -1 + 1. Let h(d) = d**2 + 5*d. What are the prime factors of h(k)?
2, 3
Let s be 2/(-3) - 14/6. Let j = s - -9. Let y(v) = -v**2 + 9*v - 8. List the prime factors of y(j).
2, 5
List the prime factors of 1 + -4 + 0 + 137 + -1.
7, 19
Suppose -3*v - 372 = -3*r, -6*r + 108 = -5*r - 5*v. What are the prime factors of r?
2
Let f(j) = -3*j - 2. Let m be f(-2). Suppose m*c - 6 = 34. What are the prime factors of c?
2, 5
Suppose 5*m - 1 = -6. What are the prime factors of 10 + (-1 - m - 3)?
7
Suppose -4*i + 82 = -5*i. What are the prime factors of 8/16 + i/(-4)?
3, 7
Suppose z + z - 63 = 3*d, 4*z + 4*d - 116 = 0. List the prime factors of z.
2, 3, 5
Suppose -2*x = h - 169, -4*x + 163 